f(-9). Let j = 11 + x. Is j a prime number?
True
Suppose 2*f = 14 - 2. Is f a composite number?
True
Suppose 70 = 9*k - 452. Is k prime?
False
Let z(r) = 5*r + 2*r - r**2 + 6 - r. Let s be z(6). Is (-5)/(-30) - (-89)/s a composite number?
True
Suppose -4*j = 102 - 566. Let z = -56 + 59. Is (-4)/6 + j/z a composite number?
True
Let q(s) = s - 4. Let y be q(9). Suppose -y*d - 5*h + 2690 = 0, 3*h - 2149 = 3*d - 7*d. Is d composite?
True
Suppose 0 = 5*c - 19 + 249. Let k = 67 + c. Is k a composite number?
True
Let f = 10 - 7. Let l(u) = 9*u - 2. Is l(f) composite?
True
Let t = -1 - 2. Is t/6*0 + 19 a prime number?
True
Let v be 2/5 + (-73)/(-5). Let n = -24 + v. Is ((-30)/n - 3)*66 prime?
False
Let o(v) = -v**2 + 35. Is o(0) a composite number?
True
Suppose -b + 2*i + 184 = 0, -58 = -b + 3*i + 129. Is b prime?
False
Let b(g) = 3*g**2 + 0*g**2 + g**3 - 37 - 2*g**2 - 3*g - 4*g**2. Let h(p) = p**3 - 4*p**2 - 4*p - 37. Let w(m) = -3*b(m) + 2*h(m). Is w(0) a composite number?
False
Let v(k) = -1101*k - 7. Is v(-2) a prime number?
False
Let q = 424 - 285. Is q prime?
True
Let i be 6 + 8/(-4) - 2. Suppose 3*g - 166 = 5*j, i*g - 39 = 2*j + 65. Is g composite?
False
Let a be -6*(24/(-4) + 0). Suppose -a*u + 32*u + 1012 = 0. Is u a prime number?
False
Let w(b) = b**2 + 10*b + 13. Let x be w(-9). Suppose -x*a - 4 = -768. Is a a composite number?
False
Let a = 3107 - -608. Is a a prime number?
False
Suppose -r = -35 + 4. Is r a composite number?
False
Suppose 2*a - 4*a + 5010 = 2*w, 0 = -a + 5*w + 2493. Is a a composite number?
False
Suppose 18 - 3 = 3*j. Suppose -2*y - 275 = -j*u, -5*u + 4*u = -y - 55. Is u a composite number?
True
Let b be (4 + -2)*1*-37. Let v = b + 46. Is ((-20)/8)/(2/v) a prime number?
False
Let k(w) be the third derivative of w**4/12 - 3*w**3/2 + w**2. Let l be k(6). Suppose l*i - 60 = -i. Is i a prime number?
False
Let c(o) = 6*o**2 - 6*o**3 + 5 - 2*o + 3*o**3 + o**3 + 3*o**3. Is c(4) prime?
True
Let j(c) = -295*c - 2. Is j(-1) prime?
True
Let f be (-366)/10 - (-4)/(-10). Let i be 4/6 - (-166)/3. Let j = f + i. Is j composite?
False
Let g = 1 - 0. Is (-2 - -56) + 0 + g prime?
False
Let t(v) = -2*v - 4. Let j(i) = -2*i - 3. Let y(k) = -4*j(k) + 3*t(k). Let z(o) = -o**2 + 14*o - 10. Let a be z(13). Is y(a) a prime number?
False
Suppose -4*f = 313 - 5061. Is f prime?
True
Let k be (-4)/14 + 1107/(-21). Is ((-2 - -1)*k)/1 a prime number?
True
Suppose -1725 = -p + 2*d - 6*d, 6980 = 4*p - 4*d. Is p a composite number?
False
Is 0 + (-4 - -2) + 192 + -3 a prime number?
False
Suppose q = -2*q + 4*y + 581, -5 = y. Is q composite?
True
Let p = 1295 + -864. Is p a composite number?
False
Let t(a) = a. Let l be (-2*2/4)/1. Let j(i) = -8*i + 5. Let x(p) = l*j(p) + 6*t(p). Is x(4) composite?
True
Suppose 4*z + 15 = -2*j + 3, -3 = -5*j + z. Suppose j = -2*r - 3*v + 62, 3*r + 4*v + 4 = 99. Is r composite?
False
Let w = 256 + -147. Is w a composite number?
False
Let n = 16 - 11. Suppose 3*p = n*p - 406. Is p prime?
False
Suppose 3*f = -2*m + 13, -2*f - 22 = -5*m + 1. Let z be f/(3*(-3)/(-45)). Suppose z*l - 2*l - 111 = 0. Is l prime?
True
Is (-33)/88 - (-2459)/8 a composite number?
False
Let j = 257 + 74. Is j composite?
False
Let z(c) be the third derivative of -217*c**4/24 + 5*c**3/6 + c**2. Let u be z(-6). Is u/9 + (-2)/9 prime?
False
Suppose -4*a + a + 6 = 0. Suppose 95 + 23 = a*c. Is c prime?
True
Suppose -5*f + 432 = -f. Let t = -68 + f. Let c = t + -15. Is c a prime number?
False
Let o(b) = 130*b. Let v be o(-2). Let g = -114 - v. Is g composite?
True
Suppose 0 = -0*t + 4*t - 88. Suppose -t = -b - b. Suppose 3*o - 2*w = b, 5*o - 5 - 55 = -5*w. Is o a prime number?
True
Let z(c) = -2*c - 15. Let y be z(-10). Is (y/15)/((-1)/(-381)) composite?
False
Let m(o) = 109*o - 8. Is m(13) a prime number?
True
Let o(n) = 82 - 83 + 31*n + 9*n + 12*n. Suppose -4 = -y - 3*y. Is o(y) a composite number?
True
Let c = -8 - -10. Suppose 0 = 4*l + c*a - 1276, -5*l = 3*a - 4*a - 1595. Is l a composite number?
True
Suppose 0 = -0*z + z + p - 494, -1973 = -4*z - 3*p. Is z prime?
True
Let o be (8/3)/(3/(-9)). Let i = 19 + o. Is i a composite number?
False
Let g = 6 + -24. Let w = -3 - g. Is w prime?
False
Suppose 0 = -2*s - 35 + 349. Is s composite?
False
Let a(k) = -19*k + 9. Let v be a(6). Let i = 370 + v. Is i prime?
False
Suppose 0 = -5*o + a - 39, -4*a - 8 = 4*o + a. Let w(f) = -f - 8. Let l be w(o). Is 1*(-118)/(2/l) prime?
True
Let o be 10/15*(-450)/(-4). Let d = -22 + o. Is d a composite number?
False
Let n(r) = 8 + 2*r**3 + 8*r - 5*r**3 - 6*r**2 - r**3 + 0*r**3. Let t(a) = -3*a**3 - 6*a**2 + 7*a + 7. Let y(k) = -4*n(k) + 5*t(k). Is y(6) prime?
False
Let p be 1 - (-4)/((-4)/149). Let x = 257 + p. Is x composite?
False
Let o = -8 - -18. Suppose -o*v = -5*v - 165. Is v a prime number?
False
Let h(u) = 8*u**2 - 5*u - 10 - 7*u**2 + 0*u. Let j be h(7). Suppose -133 = -o - j. Is o a composite number?
True
Is -4 + 8 + -2 - -221 prime?
True
Suppose -159 = -5*a + 436. Is a a prime number?
False
Let x = 1 + -5. Let c = x - -6. Suppose -2*j + 27 = 5*y - 7, 0 = -c*j - 4*y + 30. Is j a prime number?
True
Suppose -2*x - x = -198. Is (-1)/(-6) + 1243/x a prime number?
True
Suppose 0*d = 3*d - 573. Is d a composite number?
False
Let i = -10 - -6. Let p(d) = -113*d - 9. Is p(i) composite?
False
Let n(u) = 30*u + 6. Let t be n(6). Let p = -121 + t. Is p a composite number?
True
Let s be -2 + -1*6*3. Let u = 42 + s. Is u composite?
True
Suppose -271 = -0*r - 5*r - 4*x, -47 = -r + x. Let g = r + -30. Suppose -g = 3*c - 6*c. Is c a prime number?
True
Suppose 7*r = 2*r - 15. Let w = -5 - r. Is (31/w)/((-4)/8) a composite number?
False
Let s(w) = 10*w**3 - w. Suppose 2 = 5*n - 3. Is s(n) a composite number?
True
Suppose -9 - 85 = 2*c. Let k = c - -78. Is k composite?
False
Let i be (-9331)/35 + 3/5. Is i/(-18) + 6/27 a prime number?
False
Suppose -3*i + 2*i + 139 = 0. Is i a composite number?
False
Let s(d) = -d**2 + 6*d + 6. Let m be s(7). Let i(p) = -150*p**2 + 4*p - 3. Let z(y) = y - 1. Let w(r) = -i(r) + 4*z(r). Is w(m) prime?
True
Let i be (-3)/2*20/(-6). Suppose 4*c + y - 130 = 0, -4*c - 3*y + i*y = -136. Suppose t + 2*t = c. Is t prime?
True
Suppose 0 = -3*d + 2*d - 3435. Is 2/(-9) - d/27 a prime number?
True
Is ((-1385)/(-2) - 2)*2 a composite number?
False
Suppose 3*s = -2*w + 13, 2*s + 2 = 2*w + 4. Suppose 6*z - 3*h - 379 = z, z = w*h + 73. Is z a composite number?
True
Let q = -103 + -26. Let p = q - -88. Let a = 48 - p. Is a a composite number?
False
Let s(n) = -n**2 - 4*n + 1. Let k be s(-3). Suppose -2*l - f - 511 + 181 = 0, 0 = k*l + f + 660. Let q = l + 256. Is q a composite number?
True
Let o be (6 - 5) + (-4)/(-1). Suppose -45 = -2*f + o*d, -4*f + 63 = -d - 0*d. Let v = f + -8. Is v composite?
False
Let o(t) = 11*t**3. Is o(1) a prime number?
True
Let j be (9/(-6))/((-6)/32). Let k = 3 + j. Suppose 2*l - k = -r + 44, 15 = -3*l. Is r composite?
True
Let m(v) = -10*v**3 - v**2 + 1. Let s = -2 + 1. Let l be m(s). Suppose l + 0 = k. Is k a composite number?
True
Let y be (-6)/(5/((-40)/(-6))). Let j be 6/y - 283/(-4). Is j/15*(-33)/(-2) a prime number?
False
Suppose -k + 3 = 1. Suppose 2*g - 1 = -3*t, -3*t - k*g = g. Suppose -5 = -n + t. Is n composite?
True
Let r(l) = -3*l - 4. Let k be r(-8). Suppose 0 = -3*g - 2 + k. Is g a prime number?
False
Let z = -128 + 1045. Is z composite?
True
Let w be (-25)/9 - 2/9. Let n(p) = -13*p - 4. Is n(w) prime?
False
Suppose h + 4*h - 5275 = 0. Is h prime?
False
Suppose 4*a - 472 = -0*i + 2*i, 0 = 3*a + 5*i - 354. Suppose 4*z - a = -g - g, 5*g + 5*z - 315 = 0. Is g a composite number?
False
Let c(q) = -q**3 - 3*q**2 + 4*q - 5. Suppose -2 - 22 = 4*j. Is c(j) a prime number?
True
Suppose 5*t + 42 = -28. Is 13581/21 + (-4)/t a composite number?
False
Is ((-182)/8)/((-5)/20) prime?
False
Let s = 646 + -353. Is s a prime number?
True
Let v(t) = 5*t**2 - 16*t + 31. Is v(14) prime?
True
Let h be 2736/(-80) + 2/10. Suppose -7*y = -3*y - 308. Let q = h + y. Is q a prime number?
True
Suppose -4*r - z + 2535 = 0, r - 4*r + 1910 = -z. Suppose 5*c - r = -0*c. Is c a composite number?
False
Let k be (28/16)/((-2)/(-32)). Is ((-7)/k)/((-2)/56) a prime number?
True
Let o(s) be the first derivative of -3*s**5/2 + s**4/6 - s**2/2 + 3*s + 2. Let m(